{"id":1963,"date":"2022-11-02T14:14:56","date_gmt":"2022-11-02T13:14:56","guid":{"rendered":"https:\/\/lesbricosdeso.fr\/?page_id=1963"},"modified":"2022-11-02T14:30:17","modified_gmt":"2022-11-02T13:30:17","slug":"livraison-retour","status":"publish","type":"page","link":"https:\/\/lesbricosdeso.fr\/?page_id=1963","title":{"rendered":"Livraison &#038; retour"},"content":{"rendered":"\t\t<div data-elementor-type=\"wp-page\" data-elementor-id=\"1963\" class=\"elementor elementor-1963\" data-elementor-post-type=\"page\">\n\t\t\t\t\t\t<section class=\"elementor-section elementor-top-section elementor-element elementor-element-f6a1e69 elementor-section-boxed elementor-section-height-default elementor-section-height-default\" data-id=\"f6a1e69\" data-element_type=\"section\" data-e-type=\"section\">\n\t\t\t\t\t\t<div class=\"elementor-container elementor-column-gap-default\">\n\t\t\t\t\t<div class=\"elementor-column elementor-col-100 elementor-top-column elementor-element elementor-element-169a212\" data-id=\"169a212\" data-element_type=\"column\" data-e-type=\"column\">\n\t\t\t<div class=\"elementor-widget-wrap elementor-element-populated\">\n\t\t\t\t\t\t<div class=\"elementor-element elementor-element-355c94b elementor-widget elementor-widget-heading\" data-id=\"355c94b\" data-element_type=\"widget\" data-e-type=\"widget\" data-widget_type=\"heading.default\">\n\t\t\t\t<div class=\"elementor-widget-container\">\n\t\t\t\t\t<h2 class=\"elementor-heading-title elementor-size-default\">Livraison &amp; Retour<\/h2>\t\t\t\t<\/div>\n\t\t\t\t<\/div>\n\t\t\t\t<div class=\"elementor-element elementor-element-8bc866b elementor-widget elementor-widget-text-editor\" data-id=\"8bc866b\" data-element_type=\"widget\" data-e-type=\"widget\" data-widget_type=\"text-editor.default\">\n\t\t\t\t<div class=\"elementor-widget-container\">\n\t\t\t\t\t\t\t\t\t<p>La soci\u00e9t\u00e9 <strong>LES BRICOS DE SO<\/strong> reste propri\u00e9taire des produits livr\u00e9s jusqu\u2019au r\u00e8glement complet du prix. Les produits seront exp\u00e9di\u00e9s dans un d\u00e9lai moyen de 8 \u00e0 15 jours ouvrables.<br \/><br \/>Les produits peuvent soit \u00eatre retir\u00e9s sur place au lieu du si\u00e8ge social \u00e0 M\u00fbrs-Erign\u00e9, sur RDV (au +33.(0)6.09.04.52.87), soit \u00eatre retir\u00e9s \u00e0 la boutique Loire Cr\u00e9ateurs \u00e0 Saint Gemmes Sur Loire (49130), soit \u00eatre exp\u00e9di\u00e9s dans les meilleurs d\u00e9lais possibles et en<br \/>\u00e9tant pr\u00e9alablement conditionn\u00e9s avec le plus grand soin :<\/p><p><br \/>Pour les ampoules lumineuses, les vases, la livraison en France hexagonale est assur\u00e9e par le service Colissimo de La Poste en France, pour les stickers en lettre suivie de la Poste et pour le reste des articles, par colissimo ou Mondial Relay.<\/p><p><br \/>Toute erreur d\u2019adresse fournie par le Client rel\u00e8ve de sa propre responsabilit\u00e9.<\/p><p><br \/>La vente en ligne des produits <strong>LES BRICOS DE SO<\/strong> est r\u00e9serv\u00e9e aux Clients qui r\u00e9sident en France m\u00e9tropolitaine, en Corse, \u00e0 Monaco, en Suisse et au sein de l\u2019Union Europ\u00e9enne. Pour l\u2019international et les DOM TOM, les Clients sont invit\u00e9s \u00e0 contacter LES BRICOS DE SO via la rubrique \u00ab Contact \u00bbpour examiner les possibilit\u00e9s d\u2019exp\u00e9dition dans leur pays. Dans le cas o\u00f9 un colis arriverait ab\u00eem\u00e9, le Client se doit de le refuser, ou \u00e0 tout le moins d\u2019\u00e9mettre les r\u00e9serves pertinentes lors de la r\u00e9ception. Dans ce cas, le Client doit imp\u00e9rativement en informer <strong>LES BRICOS DE SO<\/strong> dans un d\u00e9lai maximum de 48 heures, par mail via la rubrique \u00ab Contact \u00bb et par courrier recommand\u00e9 \u00e0 l\u2019adresse communiqu\u00e9e par mail. En l\u2019absence de r\u00e9serves d\u00fbment \u00e9mises, aucune r\u00e9clamation ne saurait aboutir.<\/p><p><br \/>Les produits sont livr\u00e9s \u00e0 l&rsquo;adresse de livraison indiqu\u00e9e au cours du processus de commande, dans le d\u00e9lai indiqu\u00e9 sur la page de validation de la commande.<\/p><p>En cas de retard d&rsquo;exp\u00e9dition, un mail vous sera adress\u00e9 pour vous informer d&rsquo;une \u00e9ventuelle cons\u00e9quence sur le d\u00e9lai de livraison qui vous a \u00e9t\u00e9 indiqu\u00e9.<\/p><p>Pour les livraisons, hors de la France m\u00e9tropolitaine le client s\u2019engage \u00e0 r\u00e9gler toutes les taxes dues \u00e0 l\u2019importation de produits, droits de douane, taxe sur la valeur ajout\u00e9e, et toutes autres taxes dues en vertu des lois du pays de r\u00e9ception de la commande. Toutes les commandes pass\u00e9es sont destin\u00e9es \u00e0 l\u2019usage personnel des clients, les clients ou les destinataires des produits s\u2019interdisent toute revente partielle ou totale des produits.<\/p><p>La soci\u00e9t\u00e9 <strong>Les Bricos de So<\/strong> se d\u00e9gage de fait de toutes responsabilit\u00e9s juridiques si l\u2019acquittement des taxes n\u2019\u00e9tait pas effectu\u00e9 par le client.<\/p><p><br \/><strong>PR\u00c9-VENTES<\/strong><br \/>La p\u00e9riode de pr\u00e9-ventes concerne toutes les commandes pass\u00e9es pendant une p\u00e9riode o\u00f9 les d\u00e9lais de livraison sont report\u00e9s. Pendant cette p\u00e9riode, les d\u00e9lais de livraison annonc\u00e9s classiquement ne sont pas valables. Le Vendeur ne pourra \u00eatre tenu pour responsable du temps pris par le transporteur s\u2019il devait \u00eatre plus long que d\u2019habitude au regard de l\u2019affluence des commandes. Les d\u00e9lais d\u2019envoi varieront par ailleurs entre la France M\u00e9tropolitaine, les DOM TOM et l\u2019\u00e9tranger.<\/p><p>En cas de livraison par un transporteur, la soci\u00e9t\u00e9 <strong>Les Bricos de So<\/strong> ne peut \u00eatre tenue pour responsable de retard de livraison d\u00fb exclusivement \u00e0 une indisponibilit\u00e9 du client apr\u00e8s plusieurs propositions de rendez-vous.<\/p>\t\t\t\t\t\t\t\t<\/div>\n\t\t\t\t<\/div>\n\t\t\t\t\t<\/div>\n\t\t<\/div>\n\t\t\t\t\t<\/div>\n\t\t<\/section>\n\t\t\t\t<\/div>\n\t\t","protected":false},"excerpt":{"rendered":"<p>Livraison &#038; Retour La soci\u00e9t\u00e9 LES BRICOS DE SO reste propri\u00e9taire des produits livr\u00e9s jusqu\u2019au r\u00e8glement complet du prix. Les produits seront exp\u00e9di\u00e9s dans un d\u00e9lai moyen de 8 \u00e0 15 jours ouvrables. Les produits peuvent soit \u00eatre retir\u00e9s sur place au lieu du si\u00e8ge social \u00e0 M\u00fbrs-Erign\u00e9, sur RDV (au +33.(0)6.09.04.52.87), soit \u00eatre retir\u00e9s [&hellip;]<\/p>\n","protected":false},"author":1,"featured_media":0,"parent":0,"menu_order":0,"comment_status":"closed","ping_status":"closed","template":"","meta":{"site-sidebar-layout":"no-sidebar","site-content-layout":"page-builder","ast-site-content-layout":"default","site-content-style":"default","site-sidebar-style":"default","ast-global-header-display":"","ast-banner-title-visibility":"","ast-main-header-display":"","ast-hfb-above-header-display":"","ast-hfb-below-header-display":"","ast-hfb-mobile-header-display":"","site-post-title":"disabled","ast-breadcrumbs-content":"","ast-featured-img":"disabled","footer-sml-layout":"","ast-disable-related-posts":"","theme-transparent-header-meta":"","adv-header-id-meta":"","stick-header-meta":"","header-above-stick-meta":"","header-main-stick-meta":"","header-below-stick-meta":"","astra-migrate-meta-layouts":"default","ast-page-background-enabled":"default","ast-page-background-meta":{"desktop":{"background-color":"var(--ast-global-color-4)","background-image":"","background-repeat":"repeat","background-position":"center center","background-size":"auto","background-attachment":"scroll","background-type":"","background-media":"","overlay-type":"","overlay-color":"","overlay-opacity":"","overlay-gradient":""},"tablet":{"background-color":"","background-image":"","background-repeat":"repeat","background-position":"center center","background-size":"auto","background-attachment":"scroll","background-type":"","background-media":"","overlay-type":"","overlay-color":"","overlay-opacity":"","overlay-gradient":""},"mobile":{"background-color":"","background-image":"","background-repeat":"repeat","background-position":"center center","background-size":"auto","background-attachment":"scroll","background-type":"","background-media":"","overlay-type":"","overlay-color":"","overlay-opacity":"","overlay-gradient":""}},"ast-content-background-meta":{"desktop":{"background-color":"var(--ast-global-color-5)","background-image":"","background-repeat":"repeat","background-position":"center center","background-size":"auto","background-attachment":"scroll","background-type":"","background-media":"","overlay-type":"","overlay-color":"","overlay-opacity":"","overlay-gradient":""},"tablet":{"background-color":"var(--ast-global-color-5)","background-image":"","background-repeat":"repeat","background-position":"center center","background-size":"auto","background-attachment":"scroll","background-type":"","background-media":"","overlay-type":"","overlay-color":"","overlay-opacity":"","overlay-gradient":""},"mobile":{"background-color":"var(--ast-global-color-5)","background-image":"","background-repeat":"repeat","background-position":"center center","background-size":"auto","background-attachment":"scroll","background-type":"","background-media":"","overlay-type":"","overlay-color":"","overlay-opacity":"","overlay-gradient":""}},"footnotes":""},"class_list":["post-1963","page","type-page","status-publish","hentry"],"aioseo_notices":[],"_links":{"self":[{"href":"https:\/\/lesbricosdeso.fr\/index.php?rest_route=\/wp\/v2\/pages\/1963","targetHints":{"allow":["GET"]}}],"collection":[{"href":"https:\/\/lesbricosdeso.fr\/index.php?rest_route=\/wp\/v2\/pages"}],"about":[{"href":"https:\/\/lesbricosdeso.fr\/index.php?rest_route=\/wp\/v2\/types\/page"}],"author":[{"embeddable":true,"href":"https:\/\/lesbricosdeso.fr\/index.php?rest_route=\/wp\/v2\/users\/1"}],"replies":[{"embeddable":true,"href":"https:\/\/lesbricosdeso.fr\/index.php?rest_route=%2Fwp%2Fv2%2Fcomments&post=1963"}],"version-history":[{"count":16,"href":"https:\/\/lesbricosdeso.fr\/index.php?rest_route=\/wp\/v2\/pages\/1963\/revisions"}],"predecessor-version":[{"id":1981,"href":"https:\/\/lesbricosdeso.fr\/index.php?rest_route=\/wp\/v2\/pages\/1963\/revisions\/1981"}],"wp:attachment":[{"href":"https:\/\/lesbricosdeso.fr\/index.php?rest_route=%2Fwp%2Fv2%2Fmedia&parent=1963"}],"curies":[{"name":"wp","href":"https:\/\/api.w.org\/{rel}","templated":true}]}}